
5
What is the hundreds digit of 45342235?
2
What is the ten thousands digit of 934778023?
7
What is the millions digit of 66379360?
6
What is the hundreds digit of 584571409?
4
What is the units digit of 79453649?
9
What is the hundred thousands digit of 47208781?
2
What is the ten millions digit of 31558207?
3
What is the hundred thousands digit of 6793605?
7
What is the billions digit of 3039549692?
3
What is the millions digit of 44689746?
4
What is the units digit of 14081085?
5
What is the tens digit of 54320313?
1
What is the millions digit of 19544038?
9
What is the tens digit of 1253581739?
3
What is the ten thousands digit of 5483653808?
5
What is the ten millions digit of 186852633?
8
What is the tens digit of 185787398?
9
What is the ten millions digit of 908026864?
0
What is the hundred thousands digit of 95618041?
6
What is the hundred millions digit of 624010588?
6
What is the units digit of 97625950?
0
What is the millions digit of 270141990?
0
What is the ten millions digit of 69347144?
6
What is the millions digit of 1174239527?
4
What is the millions digit of 18079858?
8
What is the millions digit of 528559758?
8
What is the ten millions digit of 3983647450?
8
What is the hundred thousands digit of 1876562544?
5
What is the thousands digit of 40226399?
6
What is the units digit of 54821714?
4
What is the hundred thousands digit of 78316842?
3
What is the hundreds digit of 306989127?
1
What is the hundreds digit of 18827617?
6
What is the hundreds digit of 549987948?
9
What is the millions digit of 2718738121?
8
What is the billions digit of 3979026073?
3
What is the tens digit of 43568576?
7
What is the hundreds digit of 10980919?
9
What is the hundred thousands digit of 67079795?
0
What is the tens digit of 285067729?
2
What is the millions digit of 951431136?
1
What is the ten thousands digit of 5059716857?
1
What is the ten millions digit of 71686555?
7
What is the ten thousands digit of 275568806?
6
What is the ten thousands digit of 13494100?
9
What is the units digit of 3041232660?
0
What is the thousands digit of 942243732?
3
What is the units digit of 46783629?
9
What is the units digit of 45985593?
3
What is the hundred millions digit of 1100063896?
1
What is the units digit of 40227395?
5
What is the thousands digit of 46425109?
5
What is the millions digit of 1088616443?
8
What is the hundred millions digit of 2145108720?
1
What is the units digit of 1210104860?
0
What is the tens digit of 562510370?
7
What is the millions digit of 48399999?
8
What is the tens digit of 5155265344?
4
What is the thousands digit of 91294667?
4
What is the ten millions digit of 149570151?
4
What is the ten millions digit of 433796349?
3
What is the hundred thousands digit of 350992044?
9
What is the ten thousands digit of 1975352943?
5
What is the hundred thousands digit of 352893?
3
What is the hundred thousands digit of 71489240?
4
What is the hundreds digit of 262417602?
6
What is the millions digit of 237837282?
7
What is the hundred millions digit of 881175081?
8
What is the ten thousands digit of 2685081698?
8
What is the ten millions digit of 104335061?
0
What is the millions digit of 247801560?
7
What is the tens digit of 29179955?
5
What is the thousands digit of 242361215?
1
What is the ten thousands digit of 177870414?
7
What is the hundred millions digit of 987904499?
9
What is the tens digit of 3536636944?
4
What is the units digit of 55005698?
8
What is the thousands digit of 1464045632?
5
What is the hundreds digit of 381719237?
2
What is the ten thousands digit of 38885480?
8
What is the hundreds digit of 38164761?
7
What is the millions digit of 1876950295?
6
What is the ten millions digit of 77134540?
7
What is the units digit of 4213080?
0
What is the tens digit of 39773488?
8
What is the units digit of 2991106360?
0
What is the hundreds digit of 43584531?
5
What is the tens digit of 179173631?
3
What is the tens digit of 950711859?
5
What is the hundred thousands digit of 195659127?
6
What is the hundred thousands digit of 3380013026?
0
What is the hundred thousands digit of 1517976380?
9
What is the ten millions digit of 121052764?
2
What is the tens digit of 13551202?
0
What is the ten millions digit of 805325381?
0
What is the thousands digit of 1532339268?
9
What is the units digit of 29290234?
4
What is the tens digit of 1560670397?
9
What is the hundred millions digit of 1795729947?
7
What is the millions digit of 1160610047?
0
What is the millions digit of 326303847?
6
What is the hundred thousands digit of 59034828?
0
What is the ten thousands digit of 81207109?
0
What is the ten millions digit of 13596516?
1
What is the hundred thousands digit of 600194086?
1
What is the thousands digit of 88353026?
3
What is the ten thousands digit of 2180534703?
3
What is the ten thousands digit of 727007681?
0
What is the tens digit of 38764636?
3
What is the millions digit of 38263071?
8
What is the ten millions digit of 14050582?
1
What is the ten millions digit of 55426220?
5
What is the ten millions digit of 74301699?
7
What is the ten millions digit of 263432004?
6
What is the thousands digit of 882717661?
7
What is the hundred thousands digit of 1971873512?
8
What is the hundreds digit of 449345166?
1
What is the ten millions digit of 27233747?
2
What is the millions digit of 437351084?
7
What is the ten millions digit of 330583841?
3
What is the hundred thousands digit of 53762311?
7
What is the hundred millions digit of 2955017508?
9
What is the hundred thousands digit of 7952589?
9
What is the ten thousands digit of 82238163?
3
What is the ten millions digit of 205681486?
0
What is the hundred millions digit of 900685851?
9
What is the hundreds digit of 3294520896?
8
What is the tens digit of 41107146?
4
What is the ten thousands digit of 5746322757?
2
What is the hundreds digit of 114864423?
4
What is the ten thousands digit of 21268371?
6
What is the units digit of 267388937?
7
What is the hundred thousands digit of 801946905?
9
What is the hundreds digit of 610998411?
4
What is the ten thousands digit of 32036?
3
What is the units digit of 2416072457?
7
What is the thousands digit of 4504928321?
8
What is the hundreds digit of 864523088?
0
What is the ten millions digit of 725746726?
2
What is the units digit of 6637806256?
6
What is the hundreds digit of 158425345?
3
What is the ten millions digit of 361071032?
6
What is the hundreds digit of 87009937?
9
What is the millions digit of 39297390?
9
What is the ten millions digit of 143502846?
4
What is the thousands digit of 877148502?
8
What is the hundred millions digit of 690883463?
6
What is the units digit of 43970375?
5
What is the thousands digit of 101761640?
1
What is the thousands digit of 1762966804?
6
What is the millions digit of 497091210?
7
What is the hundreds digit of 328158085?
0
What is the tens digit of 211999904?
0
What is the hundred thousands digit of 473752753?
7
What is the millions digit of 945004223?
5
What is the ten millions digit of 1135090330?
3
What is the millions digit of 47380800?
7
What is the millions digit of 1109381170?
9
What is the hundred thousands digit of 313643359?
6
What is the tens digit of 4743085710?
1
What is the hundred millions digit of 482609678?
4
What is the thousands digit of 121937714?
7
What is the units digit of 1605920647?
7
What is the millions digit of 564457407?
4
What is the ten millions digit of 113360915?
1
What is the hundreds digit of 206001900?
9
What is the thousands digit of 203086351?
6
What is the ten thousands digit of 171366035?
6
What is the tens digit of 697767850?
5
What is the ten thousands digit of 247770012?
7
What is the hundred thousands digit of 784261059?
2
What is the hundred thousands digit of 1215065880?
0
What is the ten thousands digit of 36890512?
9
What is the ten millions digit of 290770862?
9
What is the thousands digit of 1199881228?
1
What is the hundred thousands digit of 155564632?
5
What is the hundred millions digit of 438050590?
4
What is the hundred millions digit of 1617783809?
6
What is the units digit of 756185710?
0
What is the ten thousands digit of 196909720?
0
What is the hundreds digit of 93229596?
5
What is the thousands digit of 203822580?
2
Wh